the highest common factor of 18 and m?
9
Suppose 5*c - 2*c - 162 = 0. Let b = c + -17. Let v = 8 + b. What is the greatest common divisor of 9 and v?
9
Let f be -4 + (-3)/(15/5). Let s be 25/(-5)*24/f. What is the greatest common factor of 36 and s?
12
Suppose -3*g + 192 = -2*n, n + 6 = -3*g - 90. Let w = -56 - n. Let l = -15 + 19. What is the greatest common divisor of l and w?
4
Suppose 19*n = 24*n - 120. Suppose -2*l + 2*g + n = 0, 4*l - 2*l - 25 = g. What is the highest common divisor of l and 13?
13
Suppose -4*o - b + 112 = 3*b, -20 = -4*b. What is the greatest common divisor of 23 and o?
23
Let z = 20 - -21. Let y = z + -10. What is the greatest common divisor of y and 93?
31
Let p be (86/1)/(8 - 7). Let f = p + -78. Calculate the greatest common divisor of f and 128.
8
Suppose 0 = 9*h - 6*h, -4*q - 4*h = -160. Calculate the highest common divisor of 340 and q.
20
Let y be (-3)/12 - (-6)/24. Suppose 6*p + 0*p - 726 = y. Calculate the greatest common factor of p and 11.
11
Let b(y) = -y + 44. Let o be (-3)/(5 + -2) + 1. Let h be b(o). Calculate the greatest common factor of 4 and h.
4
Suppose -4*p + 2440 = 2*l, 2*p - 1036 = -5*l + 192. What is the highest common divisor of p and 21?
21
Suppose 5*h + 7 = -4*g + 20, 3*g = -3*h + 9. Suppose -g*p + 3*p = 3*q + 22, 5*q = -15. Let x = p + -11. What is the highest common divisor of 1 and x?
1
Let f = -820 - -903. What is the greatest common factor of 83 and f?
83
Let m be (-5)/(-20) - (-4)/(-16). Suppose 8*u - 5*u - 48 = m. Let r(o) = 4*o**2 + 6*o - 6. Let g be r(-5). What is the greatest common divisor of u and g?
16
Let c(t) = -t**2 + 19*t + 18. Let j be c(18). Suppose 62 = 7*k - j. Calculate the greatest common divisor of k and 28.
14
Let j(i) = 2*i**2 - 3*i + 1. Let z be j(2). Suppose o = -4 + 5. Let b be 5 + -2 + (2 - -11 - o). Calculate the highest common factor of b and z.
3
Let j(z) = z. Let f be j(0). Suppose -5*s + 8 + 12 = f. Calculate the greatest common divisor of 10 and s.
2
Suppose -3*f - 17 = -6*f + h, -4*f + 3*h + 16 = 0. Suppose -f*k + 0*k = -42. Calculate the highest common divisor of k and 10.
2
Suppose 8 + 4633 = 13*f. What is the highest common divisor of 21 and f?
21
Let n = 1026 + -1019. Calculate the highest common factor of 77 and n.
7
Let i be 0 - -1 - (-4)/(20/675). Let s = i - 94. What is the greatest common factor of s and 21?
21
Let s be (1/(-2))/((-3)/36). Let m be ((-1200)/(-360))/(2*(-2)/(-30)). Suppose n + m = s*n. What is the highest common factor of 5 and n?
5
Let q be (-66)/(-15)*(5 - -55 - -5). Suppose 0 = 5*h - p - p - 106, 2*p + 18 = h. What is the highest common factor of h and q?
22
Suppose -5*j + 23 = -3*t, -3*j = 4*t - t - 33. Suppose -89*i - 1309 = -106*i. What is the greatest common factor of i and j?
7
Suppose 0 = 11*s - 1136 - 459. Suppose 0 = -4*d - 4*f + 172, 3*d + f - s = -14. What is the greatest common divisor of d and 33?
11
Let d(a) = 68*a**2 - 6*a - 19. Let x be d(-2). Calculate the greatest common factor of 5 and x.
5
Let r(x) = x**2 - 9*x + 3. Let d be r(5). Suppose b + 19*j = 17*j + 34, b - 4*j = 46. Let v = d + b. Calculate the highest common factor of v and 14.
7
Let g = 1175 + -1133. Calculate the highest common divisor of g and 15.
3
Suppose 4*k + h - 519 = 0, 37*h - 39*h = 4*k - 518. Suppose 3*n - 2*l + l - 83 = 0, 0 = -2*n - l + 47. What is the highest common divisor of k and n?
26
Let m be ((-18)/(-4))/(51/170). Suppose 515 = 5*l - t, -4*l + 2*t = 3*t - 421. Let s = -29 + l. Calculate the greatest common factor of s and m.
15
Suppose 31*w - 6194 - 1184 = 0. What is the greatest common divisor of 102 and w?
34
Let a(c) = 17*c - 61. Let g be a(7). What is the greatest common factor of 145 and g?
29
Let j = 210 + -194. What is the greatest common divisor of 128 and j?
16
Let w be (-1)/(((-55)/60)/(-11))*-15. Calculate the highest common divisor of 12 and w.
12
Let r = -19 + -9. Let k = r + 10. Let s = k - -52. What is the greatest common factor of 34 and s?
34
Let v(t) = t**3 - 3*t**2 - 8*t + 684. Let w be v(0). Calculate the greatest common divisor of w and 90.
18
Let v be ((-3)/(-2))/(18/(-264)). Let s = v - -24. What is the greatest common divisor of 5 and s?
1
Let f = -789 - -1749. Calculate the greatest common divisor of f and 96.
96
Let d(a) = 2*a + 10. Let z be d(10). Let y be (1 + 4)*18/z. Suppose -17 = y*h - 4*h. What is the greatest common divisor of 153 and h?
17
Let f be (-288)/(-672)*61/9 - (-2)/21. Let l = 27 - -24. What is the highest common factor of l and f?
3
Let o be (2 - 3)*6 + (-616)/(-44). Suppose -2*b - 38 = -2*a + 12, 5*a = 2*b + 122. What is the highest common factor of o and a?
8
Suppose -663 = 5*y - 4*o, -4*y - 2*o + 4*o - 528 = 0. Let m = -103 - y. What is the highest common divisor of 70 and m?
14
Suppose q - 7 = -3*z, 5*q + 4*z - 60 = q. Let k(b) = -3*b - 18. Let l be k(-7). Suppose 4*s - 665 = -l*s. What is the greatest common divisor of s and q?
19
Suppose -3*b - 20 = -5*u - b, 4*b = -u + 26. Suppose -m = -u*m + q + 36, -2*m - 4*q + 10 = 0. What is the highest common factor of 49 and m?
7
Suppose 4*b + 4*n = 172, -6*n + 154 = 4*b - 11*n. What is the greatest common divisor of b and 2747?
41
Let k(v) = -30*v + 2 + 19*v + 16*v + 10*v**2. Let w(x) = -x**2 + 2*x + 5. Let i be w(4). Let g be k(i). What is the greatest common factor of 11 and g?
11
Let c(t) = -t**3 + 4*t**2 + 4*t - 6. Let r = -55 + 59. Let p be c(r). Let l(f) = f**2 - f. Let g be l(5). Calculate the greatest common divisor of g and p.
10
Let q be ((-60)/(-21))/(5/35). Let x be q*((-4)/1 + 6). Calculate the greatest common divisor of 16 and x.
8
Let u(z) = -19*z**2 + 2 + 3*z + z**3 + 22*z**2 - z. Let o be u(-2). What is the highest common divisor of 22 and o?
2
Suppose 3*c + 463 - 1765 = 2*w, 3*c + w - 1293 = 0. Calculate the highest common divisor of 54 and c.
54
Suppose -5*o + 151 - 26 = 0. Suppose 0 = 4*u - 4*z + 5*z - 498, 5*z = 4*u - 510. What is the greatest common divisor of u and o?
25
Let z be -11 - 0 - (-850 + 19). What is the greatest common factor of 100 and z?
20
Let h be 33/(-18) + 2/(-12). Let a be (27/h)/(-9)*48. Calculate the highest common divisor of 8 and a.
8
Let d(l) = 2*l**3 + 10*l**2 - l - 2. Let v be d(-5). Let r be v/(3/1)*1*40. What is the greatest common divisor of 10 and r?
10
Suppose -14*a - 12 = -17*a. Let u(o) = 2*o**3 + o**2 - o + 20. Let h be u(0). Calculate the highest common factor of h and a.
4
Suppose 0*d = d + 1. Let r(w) = -224*w**2 - 240*w**2 + 1 + 478*w**2. Let a be r(d). What is the greatest common divisor of a and 165?
15
Let c be 108/(-15) - 8/10. Let s be 1800/32 - (-2)/c. What is the highest common divisor of s and 14?
14
Let c(t) = -t - 1. Let u(x) = -7*x - 6. Let f(p) = -40*c(p) + 5*u(p). Let d = 21 + -12. Let h be f(d). What is the highest common divisor of h and 5?
5
Let a be (-196)/(-9) - 6/(-27). Let r(l) = -l - 1. Let d be r(-5). Suppose 9*u = d*u + 1210. Calculate the greatest common divisor of u and a.
22
Let l be (-6)/18 + 34/3. Suppose l = 2*n - 11. Let q = 29 + -18. Calculate the highest common divisor of q and n.
11
Let q(r) = -r + 7. Let l be q(7). Suppose l = -0*g - 5*g + 330. Calculate the greatest common divisor of 6 and g.
6
Let c(f) = 49*f**3 + f**2 - f. Let y be c(1). Let i be y/(-2)*6*3. Let h be 24/(-9)*i/12. Calculate the highest common factor of 14 and h.
14
Let f(o) = -20*o**2 + 9*o + 13*o**2 + 2*o**3 - 4*o**2. Let a be f(7). Calculate the highest common factor of a and 30.
30
Suppose 116*a + 540 = 126*a. Calculate the highest common factor of a and 18.
18
Let b(n) = -n**2 + 2*n + 11. Let d be b(-7). Let p = d + 82. What is the highest common factor of p and 240?
30
Suppose -2*s - 191*j = -192*j - 66, 0 = 3*j - 18. Let f = -104 + 158. Calculate the highest common divisor of f and s.
18
Let z = 940 + -772. What is the greatest common divisor of 8 and z?
8
Suppose -n - 3*j = 2, 7*j - 9*j + 12 = 4*n. Calculate the highest common divisor of n and 4.
4
Let f(u) = 12*u + 4. Let o be f(2). Suppose -5*j + 99 = 5*r - 8*j, 4*r - 88 = -2*j. What is the highest common factor of r and o?
7
Suppose -5*u = -3*g - 11, -4*u - 18*g + 22*g + 4 = 0. Calculate the highest common factor of 54 and u.
2
Let n = 0 - -3. Suppose 5*u = 5*y - 35, n*u = -5*y + 4*u + 31. Suppose -69*p = 181 + 601